{"id":459,"date":"2016-07-25T13:19:52","date_gmt":"2016-07-25T13:19:52","guid":{"rendered":"https:\/\/sortiesnature78.wordpress.com\/?page_id=459"},"modified":"2023-12-19T09:23:07","modified_gmt":"2023-12-19T08:23:07","slug":"oiseaux","status":"publish","type":"page","link":"https:\/\/sortiesnature78.com\/?page_id=459","title":{"rendered":"Oiseaux"},"content":{"rendered":"<p>\u00ab\u00a0Ecoutons les oiseaux\u00a0\u00bb<\/p>\n<p><span style=\"font-size: medium;\">Initiation \u00e0 l&rsquo;ornithologie sous forme de balade familiale ou en groupe \u00e0 l&rsquo;\u00e9coute des bruits qui nous entourent. Nous tenterons d&rsquo;approcher les oiseaux les moins farouches. Les jumelles sont les bienvenues.<br \/>\n<\/span><\/p>\n<p><span style=\"font-size: medium;\"><img loading=\"lazy\" decoding=\"async\" class=\"wp-image-466 aligncenter\" src=\"https:\/\/sortiesnature78.com\/wp-content\/uploads\/2023\/12\/2016-06-sortie-nat-oiseaux2.jpg\" alt=\"2016-06-sortie-nat-oiseaux2\" width=\"327\" height=\"398\" \/><\/span><\/p>\n<p>\u00ab\u00a0Oiseaux m\u00e2les ou femelles ?\u00a0\u00bb<\/p>\n<p>Merle ou merlette, femelle de pinson ou de moineau, parfois il n&rsquo;y a pas de diff\u00e9rences entre les femelles et les m\u00e2les chez les oiseaux mais d&rsquo;autres fois on peut bien les distinguer. Lors d&rsquo;une balade dans un parc, un jardin ou en for\u00eat, nous ferons attention \u00e0 ces diff\u00e9rences.<\/p>\n<p><img loading=\"lazy\" decoding=\"async\" class=\"size-full wp-image-460 aligncenter\" src=\"https:\/\/sortiesnature78.com\/wp-content\/uploads\/2023\/12\/2016-06-sortie-nat-oideaux2.jpg\" alt=\"2016-06-sortie-nat-oideaux2\" width=\"400\" height=\"417\" \/><\/p>\n","protected":false},"excerpt":{"rendered":"<p>\u00ab\u00a0Ecoutons les oiseaux\u00a0\u00bb Initiation \u00e0 l&rsquo;ornithologie sous forme de balade familiale ou en groupe \u00e0 l&rsquo;\u00e9coute des bruits qui nous entourent. Nous tenterons d&rsquo;approcher les oiseaux les moins farouches. Les jumelles sont les bienvenues. \u00ab\u00a0Oiseaux m\u00e2les ou femelles ?\u00a0\u00bb Merle ou merlette, femelle de pinson ou de moineau, parfois il n&rsquo;y a pas de diff\u00e9rences&#8230; <\/p>\n<div class=\"link-more\"><a href=\"https:\/\/sortiesnature78.com\/?page_id=459\">En savoir plus<\/a><\/div>\n","protected":false},"author":2,"featured_media":6912,"parent":410,"menu_order":0,"comment_status":"closed","ping_status":"closed","template":"","meta":{"footnotes":""},"class_list":["post-459","page","type-page","status-publish","has-post-thumbnail","hentry"],"jetpack_sharing_enabled":true,"_links":{"self":[{"href":"https:\/\/sortiesnature78.com\/index.php?rest_route=\/wp\/v2\/pages\/459","targetHints":{"allow":["GET"]}}],"collection":[{"href":"https:\/\/sortiesnature78.com\/index.php?rest_route=\/wp\/v2\/pages"}],"about":[{"href":"https:\/\/sortiesnature78.com\/index.php?rest_route=\/wp\/v2\/types\/page"}],"author":[{"embeddable":true,"href":"https:\/\/sortiesnature78.com\/index.php?rest_route=\/wp\/v2\/users\/2"}],"replies":[{"embeddable":true,"href":"https:\/\/sortiesnature78.com\/index.php?rest_route=%2Fwp%2Fv2%2Fcomments&post=459"}],"version-history":[{"count":2,"href":"https:\/\/sortiesnature78.com\/index.php?rest_route=\/wp\/v2\/pages\/459\/revisions"}],"predecessor-version":[{"id":7179,"href":"https:\/\/sortiesnature78.com\/index.php?rest_route=\/wp\/v2\/pages\/459\/revisions\/7179"}],"up":[{"embeddable":true,"href":"https:\/\/sortiesnature78.com\/index.php?rest_route=\/wp\/v2\/pages\/410"}],"wp:featuredmedia":[{"embeddable":true,"href":"https:\/\/sortiesnature78.com\/index.php?rest_route=\/wp\/v2\/media\/6912"}],"wp:attachment":[{"href":"https:\/\/sortiesnature78.com\/index.php?rest_route=%2Fwp%2Fv2%2Fmedia&parent=459"}],"curies":[{"name":"wp","href":"https:\/\/api.w.org\/{rel}","templated":true}]}}