{"id":555,"date":"2016-07-26T11:12:03","date_gmt":"2016-07-26T11:12:03","guid":{"rendered":"https:\/\/sortiesnature78.wordpress.com\/?page_id=555"},"modified":"2016-07-26T11:12:03","modified_gmt":"2016-07-26T11:12:03","slug":"coquillages","status":"publish","type":"page","link":"https:\/\/sortiesnature78.com\/?page_id=555","title":{"rendered":"Coquillages"},"content":{"rendered":"<p><img loading=\"lazy\" decoding=\"async\" class=\"size-medium wp-image-556 aligncenter\" src=\"https:\/\/sortiesnature78.files.wordpress.com\/2016\/07\/2016-02-coquillage.jpg?w=300\" alt=\"2016-02-coquillage\" width=\"300\" height=\"197\" srcset=\"https:\/\/sortiesnature78.com\/wp-content\/uploads\/2016\/07\/2016-02-coquillage.jpg 1042w, https:\/\/sortiesnature78.com\/wp-content\/uploads\/2016\/07\/2016-02-coquillage-300x197.jpg 300w, https:\/\/sortiesnature78.com\/wp-content\/uploads\/2016\/07\/2016-02-coquillage-1024x672.jpg 1024w, https:\/\/sortiesnature78.com\/wp-content\/uploads\/2016\/07\/2016-02-coquillage-768x504.jpg 768w\" sizes=\"auto, (max-width: 300px) 100vw, 300px\" \/><\/p>\n<p>\u00ab\u00a0<u>Donnons un nom aux coquillages\u00a0\u00bb<\/u>.<\/p>\n<p>Apportez vos coquillages et trouvons leur un nom. Un diaporama permettra d&rsquo;observer des mollusques vivants. Apr\u00e8s quelques manipulations de coquillages, l&rsquo;atelier se terminera par une activit\u00e9 manuelle (cr\u00e9ation d&rsquo;un bracelet en perles et coquillages ou collage de coquillages).<\/p>\n<p><img loading=\"lazy\" decoding=\"async\" class=\"size-medium wp-image-36 aligncenter\" src=\"https:\/\/sortiesnature78.files.wordpress.com\/2016\/06\/2014-09-16-0811-cpn-coquillages.jpg?w=300\" alt=\"2014-09-16-0811-cpn-coquillages\" width=\"300\" height=\"207\" srcset=\"https:\/\/sortiesnature78.com\/wp-content\/uploads\/2016\/06\/2014-09-16-0811-cpn-coquillages.jpg 611w, https:\/\/sortiesnature78.com\/wp-content\/uploads\/2016\/06\/2014-09-16-0811-cpn-coquillages-300x207.jpg 300w\" sizes=\"auto, (max-width: 300px) 100vw, 300px\" \/><\/p>\n<p><u>Pourquoi les coquillages ont une coquille ?<\/u><\/p>\n<p>Apr\u00e8s un diaporama sur le th\u00e8me de l&rsquo;utilit\u00e9 des coquilles et quelques jeux adapt\u00e9s aux enfants, l&rsquo;atelier se terminera par la fabrication d&rsquo;un carillon en coquillages.<\/p>\n","protected":false},"excerpt":{"rendered":"<p>\u00ab\u00a0Donnons un nom aux coquillages\u00a0\u00bb. Apportez vos coquillages et trouvons leur un nom. Un diaporama permettra d&rsquo;observer des mollusques vivants. Apr\u00e8s quelques manipulations de coquillages, l&rsquo;atelier se terminera par une activit\u00e9 manuelle (cr\u00e9ation d&rsquo;un bracelet en perles et coquillages ou collage de coquillages). Pourquoi les coquillages ont une coquille ? Apr\u00e8s un diaporama sur le&#8230; <\/p>\n<div class=\"link-more\"><a href=\"https:\/\/sortiesnature78.com\/?page_id=555\">En savoir plus<\/a><\/div>\n","protected":false},"author":2,"featured_media":574,"parent":514,"menu_order":0,"comment_status":"closed","ping_status":"closed","template":"","meta":{"footnotes":""},"class_list":["post-555","page","type-page","status-publish","has-post-thumbnail","hentry"],"jetpack_sharing_enabled":true,"_links":{"self":[{"href":"https:\/\/sortiesnature78.com\/index.php?rest_route=\/wp\/v2\/pages\/555","targetHints":{"allow":["GET"]}}],"collection":[{"href":"https:\/\/sortiesnature78.com\/index.php?rest_route=\/wp\/v2\/pages"}],"about":[{"href":"https:\/\/sortiesnature78.com\/index.php?rest_route=\/wp\/v2\/types\/page"}],"author":[{"embeddable":true,"href":"https:\/\/sortiesnature78.com\/index.php?rest_route=\/wp\/v2\/users\/2"}],"replies":[{"embeddable":true,"href":"https:\/\/sortiesnature78.com\/index.php?rest_route=%2Fwp%2Fv2%2Fcomments&post=555"}],"version-history":[{"count":0,"href":"https:\/\/sortiesnature78.com\/index.php?rest_route=\/wp\/v2\/pages\/555\/revisions"}],"up":[{"embeddable":true,"href":"https:\/\/sortiesnature78.com\/index.php?rest_route=\/wp\/v2\/pages\/514"}],"wp:featuredmedia":[{"embeddable":true,"href":"https:\/\/sortiesnature78.com\/index.php?rest_route=\/wp\/v2\/media\/574"}],"wp:attachment":[{"href":"https:\/\/sortiesnature78.com\/index.php?rest_route=%2Fwp%2Fv2%2Fmedia&parent=555"}],"curies":[{"name":"wp","href":"https:\/\/api.w.org\/{rel}","templated":true}]}}