{"id":580,"date":"2016-07-26T13:43:48","date_gmt":"2016-07-26T13:43:48","guid":{"rendered":"https:\/\/sortiesnature78.wordpress.com\/?page_id=580"},"modified":"2016-07-26T13:43:48","modified_gmt":"2016-07-26T13:43:48","slug":"chant-des-oiseaux","status":"publish","type":"page","link":"https:\/\/sortiesnature78.com\/?page_id=580","title":{"rendered":"Oiseaux"},"content":{"rendered":"<p><span style=\"text-decoration:underline;\">Prenons soin des oiseaux l&rsquo;hiver<\/span><\/p>\n<p><img loading=\"lazy\" decoding=\"async\" class=\"size-medium wp-image-1240 alignright\" src=\"https:\/\/sortiesnature78.files.wordpress.com\/2016\/07\/rouge-gorge.jpg?w=300\" alt=\"rouge-gorge\" width=\"300\" height=\"210\" \/>Les oiseaux sont nombreux \u00e0 rester dans la r\u00e9gion l&rsquo;hiver ; il y en a m\u00eame qui viennent de loin pour hiverner tout pr\u00e8s de chez nous. Passons en revue les oiseaux les plus facilement observables. Une activit\u00e9 manuelle permettra aux enfants de prendre soin d&rsquo;eux l&rsquo;hiver. (Atelier faisable d\u00e8s l&rsquo;automne jusqu&rsquo;\u00e0 fin f\u00e9vrier).<\/p>\n<p><u>Initiation aux chants des oiseaux<\/u><\/p>\n<p><img loading=\"lazy\" decoding=\"async\" class=\"size-medium wp-image-581 alignright\" src=\"https:\/\/sortiesnature78.files.wordpress.com\/2016\/07\/pigeon.jpg?w=222\" alt=\"pigeon\" width=\"222\" height=\"300\" srcset=\"https:\/\/sortiesnature78.com\/wp-content\/uploads\/2016\/07\/pigeon.jpg 582w, https:\/\/sortiesnature78.com\/wp-content\/uploads\/2016\/07\/pigeon-222x300.jpg 222w\" sizes=\"auto, (max-width: 222px) 100vw, 222px\" \/>Ecoutons les chants d&rsquo;oiseaux communs en se limitant \u00e0 quelques esp\u00e8ces. Nous pourrons ensuite tenter de les entendre dans les jardins ou les for\u00eats.<\/p>\n<p>Cet atelier peut s&rsquo;effectuer \u00e0 partir du mois de mars et jusqu&rsquo;\u00e0 l&rsquo;\u00e9t\u00e9.<\/p>\n<p>&nbsp;<\/p>\n<p><span style=\"text-decoration:underline;\">Se sentir pousser des ailes<\/span><\/p>\n<p><img loading=\"lazy\" decoding=\"async\" class=\"size-medium wp-image-1386 alignleft\" src=\"https:\/\/sortiesnature78.files.wordpress.com\/2017\/02\/act-plumes.jpg?w=225\" alt=\"act-plumes\" width=\"225\" height=\"300\" srcset=\"https:\/\/sortiesnature78.com\/wp-content\/uploads\/2017\/02\/act-plumes.jpg 600w, https:\/\/sortiesnature78.com\/wp-content\/uploads\/2017\/02\/act-plumes-225x300.jpg 225w\" sizes=\"auto, (max-width: 225px) 100vw, 225px\" \/>Avec ce th\u00e8me, ce sera le vol qui sera approfondi et l&rsquo;on tentera de r\u00e9pondre \u00e0 ces questions :<\/p>\n<ul>\n<li>A quoi servent les ailes des oiseaux ?<\/li>\n<li>Quel a \u00e9t\u00e9 le premier anc\u00eatre de l&rsquo;oiseau \u00e0 voler ?<\/li>\n<li>Pourquoi des plumes ?<\/li>\n<\/ul>\n<p>Les enfants pourront ensuite s&rsquo;initier \u00e0 la sculpture de plumes ou \u00e0 la peinture sur les plumes.<\/p>\n<p>&nbsp;<\/p>\n<p><span style=\"text-decoration:underline;\">Que mangent les rapaces nocturnes ?<\/span><img loading=\"lazy\" decoding=\"async\" class=\"size-medium wp-image-1432 alignright\" src=\"https:\/\/sortiesnature78.files.wordpress.com\/2016\/07\/rapaces.jpg?w=300\" alt=\"rapaces\" width=\"300\" height=\"200\" \/><\/p>\n<p>Les enfants m\u00e8neront l&rsquo;enqu\u00eate en diss\u00e9quant des pelotes de r\u00e9jection.<\/p>\n","protected":false},"excerpt":{"rendered":"<p>Prenons soin des oiseaux l&rsquo;hiver Les oiseaux sont nombreux \u00e0 rester dans la r\u00e9gion l&rsquo;hiver ; il y en a m\u00eame qui viennent de loin pour hiverner tout pr\u00e8s de chez nous. Passons en revue les oiseaux les plus facilement observables. Une activit\u00e9 manuelle permettra aux enfants de prendre soin d&rsquo;eux l&rsquo;hiver. (Atelier faisable d\u00e8s&#8230; <\/p>\n<div class=\"link-more\"><a href=\"https:\/\/sortiesnature78.com\/?page_id=580\">En savoir plus<\/a><\/div>\n","protected":false},"author":2,"featured_media":1431,"parent":514,"menu_order":0,"comment_status":"closed","ping_status":"closed","template":"","meta":{"footnotes":""},"class_list":["post-580","page","type-page","status-publish","has-post-thumbnail","hentry"],"jetpack_sharing_enabled":true,"_links":{"self":[{"href":"https:\/\/sortiesnature78.com\/index.php?rest_route=\/wp\/v2\/pages\/580","targetHints":{"allow":["GET"]}}],"collection":[{"href":"https:\/\/sortiesnature78.com\/index.php?rest_route=\/wp\/v2\/pages"}],"about":[{"href":"https:\/\/sortiesnature78.com\/index.php?rest_route=\/wp\/v2\/types\/page"}],"author":[{"embeddable":true,"href":"https:\/\/sortiesnature78.com\/index.php?rest_route=\/wp\/v2\/users\/2"}],"replies":[{"embeddable":true,"href":"https:\/\/sortiesnature78.com\/index.php?rest_route=%2Fwp%2Fv2%2Fcomments&post=580"}],"version-history":[{"count":0,"href":"https:\/\/sortiesnature78.com\/index.php?rest_route=\/wp\/v2\/pages\/580\/revisions"}],"up":[{"embeddable":true,"href":"https:\/\/sortiesnature78.com\/index.php?rest_route=\/wp\/v2\/pages\/514"}],"wp:featuredmedia":[{"embeddable":true,"href":"https:\/\/sortiesnature78.com\/index.php?rest_route=\/wp\/v2\/media\/1431"}],"wp:attachment":[{"href":"https:\/\/sortiesnature78.com\/index.php?rest_route=%2Fwp%2Fv2%2Fmedia&parent=580"}],"curies":[{"name":"wp","href":"https:\/\/api.w.org\/{rel}","templated":true}]}}