{"id":586,"date":"2016-07-26T13:53:13","date_gmt":"2016-07-26T13:53:13","guid":{"rendered":"https:\/\/sortiesnature78.wordpress.com\/?page_id=586"},"modified":"2016-07-26T13:53:13","modified_gmt":"2016-07-26T13:53:13","slug":"coquillages-3","status":"publish","type":"page","link":"https:\/\/sortiesnature78.com\/?page_id=586","title":{"rendered":"Musique et nature"},"content":{"rendered":"<p><img loading=\"lazy\" decoding=\"async\" class=\"aligncenter size-large wp-image-79\" src=\"https:\/\/sortiesnature78.files.wordpress.com\/2016\/06\/20160621.jpg?w=1024\" alt=\"20160621\" width=\"1024\" height=\"969\" srcset=\"https:\/\/sortiesnature78.com\/wp-content\/uploads\/2016\/06\/20160621.jpg 1320w, https:\/\/sortiesnature78.com\/wp-content\/uploads\/2016\/06\/20160621-300x284.jpg 300w, https:\/\/sortiesnature78.com\/wp-content\/uploads\/2016\/06\/20160621-1024x969.jpg 1024w, https:\/\/sortiesnature78.com\/wp-content\/uploads\/2016\/06\/20160621-768x727.jpg 768w\" sizes=\"auto, (max-width: 1024px) 100vw, 1024px\" \/><\/p>\n<p>\u00ab\u00a0<u>Musique et Nature\u00a0\u00bb<\/u><\/p>\n<p>Lors de cet atelier, des devinettes sur les sons que l&rsquo;on peut entendre \u00e0 l&rsquo;ext\u00e9rieur seront propos\u00e9es. Ensuite, nous ferons ensemble la fabrication d&rsquo;un petit instrument \u00e0 base d&rsquo;\u00e9l\u00e9ment trouv\u00e9 dans la nature.<\/p>\n","protected":false},"excerpt":{"rendered":"<p>\u00ab\u00a0Musique et Nature\u00a0\u00bb Lors de cet atelier, des devinettes sur les sons que l&rsquo;on peut entendre \u00e0 l&rsquo;ext\u00e9rieur seront propos\u00e9es. Ensuite, nous ferons ensemble la fabrication d&rsquo;un petit instrument \u00e0 base d&rsquo;\u00e9l\u00e9ment trouv\u00e9 dans la nature.<\/p>\n","protected":false},"author":2,"featured_media":245,"parent":514,"menu_order":0,"comment_status":"closed","ping_status":"closed","template":"","meta":{"footnotes":""},"class_list":["post-586","page","type-page","status-publish","has-post-thumbnail","hentry"],"jetpack_sharing_enabled":true,"_links":{"self":[{"href":"https:\/\/sortiesnature78.com\/index.php?rest_route=\/wp\/v2\/pages\/586","targetHints":{"allow":["GET"]}}],"collection":[{"href":"https:\/\/sortiesnature78.com\/index.php?rest_route=\/wp\/v2\/pages"}],"about":[{"href":"https:\/\/sortiesnature78.com\/index.php?rest_route=\/wp\/v2\/types\/page"}],"author":[{"embeddable":true,"href":"https:\/\/sortiesnature78.com\/index.php?rest_route=\/wp\/v2\/users\/2"}],"replies":[{"embeddable":true,"href":"https:\/\/sortiesnature78.com\/index.php?rest_route=%2Fwp%2Fv2%2Fcomments&post=586"}],"version-history":[{"count":0,"href":"https:\/\/sortiesnature78.com\/index.php?rest_route=\/wp\/v2\/pages\/586\/revisions"}],"up":[{"embeddable":true,"href":"https:\/\/sortiesnature78.com\/index.php?rest_route=\/wp\/v2\/pages\/514"}],"wp:featuredmedia":[{"embeddable":true,"href":"https:\/\/sortiesnature78.com\/index.php?rest_route=\/wp\/v2\/media\/245"}],"wp:attachment":[{"href":"https:\/\/sortiesnature78.com\/index.php?rest_route=%2Fwp%2Fv2%2Fmedia&parent=586"}],"curies":[{"name":"wp","href":"https:\/\/api.w.org\/{rel}","templated":true}]}}